 of m**4/4 + 8*m**3/3 - 2*m**2 + 8*m + 1. Let w be l(-6). Calculate the greatest common divisor of 13 and w.
13
Let p be -1 - ((-15)/(-1))/(-3). Suppose -47 = -p*l - 0*g + 3*g, 4*l + 3*g = 65. Let s = -116 - -270. What is the greatest common factor of l and s?
14
Suppose -2*r = -80 - 40. Let k = 4 + 1. Suppose 0*c + k*c - r = 0. What is the greatest common divisor of c and 108?
12
Let q = -65 - -66. What is the highest common divisor of q and 2?
1
Let h(x) = -x + 1. Suppose 2*g = 3*g. Let a be h(g). Let j be a + (-2 - -2) - -20. What is the greatest common factor of 7 and j?
7
Let y(x) = -4*x**3 - x**2 + 2*x + 3. Let u(i) = i - 9. Let p be u(7). Let d be y(p). Calculate the highest common factor of 9 and d.
9
Let g(x) = 2*x - 8 - 6 + 7. Let a be g(6). Suppose 2*i - a*i = -6. Calculate the greatest common divisor of i and 8.
2
Let b = -8 - -71. Suppose 0 = 4*d + 3*w - b, d - 3*d - w + 29 = 0. Let h = 6 - -6. Calculate the highest common divisor of h and d.
12
Suppose -5*d - v = -15, d = -2*d + v + 17. Suppose 0 = -2*x - d - 0. Let q be (x/(-2) - 0) + 32. What is the highest common factor of 3 and q?
3
Suppose -5*h + 17 = -3. What is the highest common factor of 32 and h?
4
Let a(b) = -4*b**3 - 4*b**2 - b - 3. Let f be a(-3). Calculate the highest common divisor of f and 9.
9
Let c(r) = -5*r**3 + 2*r**2 + 2*r + 1. Let x be c(-1). Let y be 18/5 - x/(-15). What is the highest common factor of y and 40?
4
Let w be 1/((-3)/(-84))*2. Calculate the greatest common factor of 7 and w.
7
Let u(n) = -n**3 + 5*n**2 + n + 5. Let w be u(4). Suppose 4*q = -4*a + 212, -5*q + w + 0 = 0. Let t be a/9*9/3. What is the greatest common divisor of 32 and t?
16
Suppose -6*u + 40 = -10*u. Let g = u - -23. What is the highest common divisor of 91 and g?
13
Let o(p) = p**3 - 27*p**2 + 58*p - 8. Let r be o(25). Suppose -4*g + y + 92 = 0, 2*g - 45 = -4*y + 19. What is the highest common divisor of g and r?
24
Suppose 0 = -9*z + 3*z + 72. What is the greatest common factor of 132 and z?
12
Let c(q) = -q**3 + 10*q**2 + 6*q - 4. Let l be c(8). What is the highest common divisor of l and 43?
43
Let u(j) = -j + 1. Let h be u(-3). Suppose 4 = -5*g + 3*g. Let o(v) = -4*v**3 - 2*v**2 + v - 2. Let l be o(g). What is the highest common factor of l and h?
4
Let i be 1/2 - 11/(-2). Let a be (-6)/(-2)*(-8)/i. Let q(l) = -l**3 - 2*l**2 + 2*l - 4. Let s be q(a). Calculate the greatest common factor of s and 10.
10
Let o(v) = 5*v. Let r(i) = -9*i - 1. Let d(z) = -7*o(z) - 4*r(z). Let a be d(4). What is the greatest common divisor of 72 and a?
8
Suppose 14*y - 251 = 1429. What is the greatest common factor of 30 and y?
30
Suppose -3*m = -157 + 31. What is the greatest common factor of 14 and m?
14
Suppose q - 11 = -3*k + 3*q, -k = 3*q. Suppose 4*b = -k*o + 64, b + b + 4*o = 42. Let c = -57 + 96. Calculate the greatest common factor of b and c.
13
Suppose 24 = 4*x - 2*v, -4*x + 3*v + 29 = x. What is the highest common divisor of x and 1?
1
Suppose -2*t + u - 12 = -0*u, 0 = -5*t - 2*u - 30. Let a be -1 + (-3)/t*10. Suppose 46 = a*p - 50. What is the highest common divisor of 12 and p?
12
Let x be (-4)/5*(-17)/(-4)*-10. Calculate the highest common divisor of x and 238.
34
Let z be (3 - -9)/(-4)*-10. Suppose 0*b - 55 = -3*b + y, 2*b - 2*y = z. Let u = 258 + -158. What is the greatest common factor of b and u?
20
Let n(o) = o**2 - 8*o + 13. Let y be n(9). What is the greatest common factor of y and 242?
22
Suppose 0 = 5*w + 3*p - p - 126, 0 = 3*w + p - 75. What is the greatest common factor of 16 and w?
8
Suppose 37*b + 168 = 40*b. What is the greatest common factor of b and 42?
14
Let t = -15 + 22. Suppose -t*b + 9*b - 62 = 0. Calculate the greatest common divisor of b and 248.
31
Let w = -19 - 828. Let g = -243 - w. Suppose g + 716 = 5*b. What is the greatest common factor of 24 and b?
24
Suppose 4*c = -5*x - c - 10, -2*x = -4*c - 26. Suppose -2 = -x*r + 7. What is the highest common factor of r and 6?
3
Suppose 0 = 3*j - 9, -5*n = -0*n + 5*j - 100. Calculate the highest common divisor of n and 85.
17
Suppose -4*w = -4*p - 8, -5*p + w + 30 = 4*w. What is the highest common divisor of p and 2?
1
Let w be 72/4 + (-2)/2. Let p be -3*(w - 1)*-1. What is the highest common divisor of p and 12?
12
Let y(q) = q**2 + 4*q + 6. Let v be y(-13). Calculate the highest common factor of 82 and v.
41
Suppose -f = -2*n + 22, 3*f - 2*f = 2. Suppose 0 = 7*h - 6*h - 2. Suppose -d - h = -5. What is the greatest common divisor of d and n?
3
Suppose 0 = 3*b + 21 - 123. What is the greatest common factor of 34 and b?
34
Suppose 2*s - 5 = 1. Suppose 5*w - 1 = s*a, 0*a - 28 = -a - 4*w. Suppose 4*j = -j, 4*p - 256 = -3*j. Calculate the highest common factor of p and a.
8
Let q be 8/((40/(-12))/(-5)). Calculate the highest common divisor of q and 108.
12
Let x = 4 + -4. Let b be (x - 39/(-6))*2. Suppose -2*n + 51 = -27. What is the greatest common divisor of n and b?
13
Let r = 21 - -4. What is the highest common divisor of r and 150?
25
Let p = 5 + -3. Suppose -p*k - 15 = -5*l, -l + 5 = 2. Suppose 0 = 4*r + a - 5, -4*a + k = -r - 3. Calculate the greatest common factor of r and 8.
1
Let y = -146 + 251. Calculate the greatest common divisor of y and 21.
21
Suppose 2*w = 14 + 22. Suppose 83 = 5*u - 2*p, 4*u - w - 58 = 4*p. Suppose 2*i - 675 = -3*i. Calculate the greatest common divisor of u and i.
15
Suppose 2*x - x + 2*l - 12 = 0, 21 = 5*x - 3*l. Calculate the greatest common divisor of 9 and x.
3
Let b be 1911/14 + 2/(-4). What is the greatest common divisor of 17 and b?
17
Suppose 52 = 5*l - 13. What is the highest common divisor of 117 and l?
13
Let h = 14 + 7. Let g(f) = 231*f**2 - f - 1. Let p be g(-1). Calculate the highest common divisor of p and h.
21
Let m(b) = b**3 - 20*b**2 + 25*b - 24. Let p be m(19). What is the greatest common factor of p and 36?
18
Suppose -5*l + 136 = -0*r - 2*r, 5*r - 10 = 0. What is the highest common factor of 8 and l?
4
Let l be ((-20)/8 + 3)*4. Calculate the greatest common factor of 14 and l.
2
Suppose u - 195 = -4*x, 0*x = -x - 2*u + 47. Let m be 5/(5/(-23)) + -3. Let h = m + 33. Calculate the highest common factor of x and h.
7
Let a = 9 + -3. Let l be (184/a)/((-2)/(-3)). What is the greatest common factor of l and 115?
23
Let v be (-9)/(-15) + 88/(-5). Let j = v - -65. Calculate the greatest common factor of j and 32.
16
Let x be (-24 + 0)/(6/(-4)). Let r(g) = 9*g**3 + 3*g + 2. Let c be r(2). What is the highest common factor of x and c?
16
Let t = 13 - 3. Let c(n) = -6 + 2*n**2 - 4 - 2 - n + 2. Let o be c(8). What is the greatest common factor of t and o?
10
Let j be 28 - (-10)/3*(-132)/(-110). What is the highest common factor of 12 and j?
4
Let u = -52 + 54. Calculate the greatest common factor of 1 and u.
1
Suppose 15 = -3*z, -5*u - 5*z = -2*z - 570. Calculate the highest common factor of 13 and u.
13
Let a be 10/((-2)/12*-1). Let h(z) = -z**2 - 11*z - 5. Let o be h(-10). Let u be 4/o*180/6. Calculate the highest common factor of a and u.
12
Let j be (-4 - -10)*40/6. Calculate the greatest common divisor of 8 and j.
8
Let q(g) = -g + 13. Let y be q(7). Let s = 9 - 6. What is the highest common divisor of s and y?
3
Let d = -3 - -32. What is the greatest common factor of d and 29?
29
Let g(p) = -13*p. Suppose -3*t = 2*t + 15. Let u be g(t). Suppose 3*m = -3*v + 6*m + u, m = -5*v + 59. What is the highest common factor of 84 and v?
12
Let t = -1 + 5. Suppose 206 = t*s - 154. Calculate the greatest common divisor of s and 10.
10
Let z be (-33)/22*(1 + -41). What is the highest common factor of z and 15?
15
Suppose 4*x - u = 53, -5*x + 7 = -2*u - 57. Calculate the greatest common divisor of x and 98.
14
Let a = -212 + 56. Let u(j) = -j**3 - 5*j**2 + 11*j + 6. Let t be u(-6). Let l = t - a. Calculate the greatest common divisor of 12 and l.
12
Suppose 2*f - 149 = 137. Suppose 37 = 2*i - f. Calculate the highest common factor of 10 and i.
10
Let a(v) = v**3 + 9*v**2 + 8*v + 4. Let h be a(-8). Let i(d) = 16*d + 2. Let p be i(h). Calculate the greatest common factor of 6 and p.
6
Suppose 3*d + 0*d - 6 = 0. Let q be ((-3)/d)/((-1)/6). Let m be (-2)/(((-2)/63)/1). What is the highest common factor of q and m?
9
Let l be ((-526)/5 + 2)/((-15)/50). What is the greatest common d